{"id":31,"date":"2015-12-10T01:26:28","date_gmt":"2015-12-10T01:26:28","guid":{"rendered":"http:\/\/4colores.com.mx\/entrada\/?page_id=31"},"modified":"2016-02-17T19:16:50","modified_gmt":"2016-02-18T01:16:50","slug":"gran-formato","status":"publish","type":"page","link":"https:\/\/4colores.com.mx\/entrada\/servicios\/gran-formato\/","title":{"rendered":"Gran Formato"},"content":{"rendered":"<table>\n<tbody>\n<tr>\n<td width=\"294\">\u00a0<a href=\"http:\/\/4colores.com.mx\/entrada\/wp-content\/uploads\/2015\/12\/Gran_formato02.jpg\"><img loading=\"lazy\" decoding=\"async\" class=\" wp-image-105 aligncenter\" src=\"http:\/\/4colores.com.mx\/entrada\/wp-content\/uploads\/2015\/12\/Gran_formato02-201x300.jpg\" alt=\"Gran_formato02\" width=\"238\" height=\"350\" \/><\/a><\/td>\n<td style=\"text-align: center;\" width=\"294\">\u00a0<a href=\"http:\/\/4colores.com.mx\/entrada\/wp-content\/uploads\/2015\/12\/lonas-publicitarias-2.jpg\"><img loading=\"lazy\" decoding=\"async\" class=\"alignnone wp-image-106\" src=\"http:\/\/4colores.com.mx\/entrada\/wp-content\/uploads\/2015\/12\/lonas-publicitarias-2-300x225.jpg\" alt=\"lonas-publicitarias-2\" width=\"340\" height=\"253\" \/><\/a><\/td>\n<\/tr>\n<\/tbody>\n<\/table>\n<p class=\"Wp-Body-P\"><span class=\"Body-C-C3\">Impresi\u00f3n de lonas, vinyl, vinyl perforado, mesh, publicidad para punto de venta, publicidad exterior, carteleras espectaculares, banners, porta banners, gallardetes, muros, escaparates, etc.<\/span><\/p>\n<p class=\"Wp-Body-P\"><span class=\"Body-C-C3\">Impresi\u00f3n de lonas en Gran Formato sobre calibres de 18, 13 \u00f3 10 onzas, lona Mesh, lona transl\u00facida (backlite), lona mate, telas, vinyl adhesivo brillante, mate y transl\u00facido, vinyl microperforado, estireno y trovicel, en una amplia gama de calidades y precios. <\/span><\/p>\n<p class=\"Wp-Body-P\"><span class=\"Body-C-C3\">La resoluci\u00f3n de Gran Formato es de 720 puntos por pulgada (dpi), en formatos para una distancia de visibilidad \u00f3ptima superior a los 10 metros y en tintas resistentes al exterior. <\/span><\/p>\n<p class=\"Wp-Body-P\">\u00a1Recuerde no s\u00f3lo imprimimos, somos profesionales en dise\u00f1o gr\u00e1fico y tambi\u00e9n instalamos!<\/p>\n","protected":false},"excerpt":{"rendered":"<p>\u00a0 \u00a0 Impresi\u00f3n de lonas, vinyl, vinyl perforado, mesh, publicidad para punto de venta, publicidad exterior, carteleras espectaculares, banners, porta banners, gallardetes, muros, escaparates, etc. Impresi\u00f3n de lonas en Gran Formato sobre calibres de 18, 13 \u00f3 10 onzas, lona Mesh, lona transl\u00facida (backlite), lona mate, telas, vinyl adhesivo brillante, mate y transl\u00facido, vinyl microperforado, [&hellip;]<\/p>\n","protected":false},"author":1,"featured_media":0,"parent":2,"menu_order":0,"comment_status":"closed","ping_status":"closed","template":"","meta":{"footnotes":""},"class_list":["post-31","page","type-page","status-publish","hentry"],"_links":{"self":[{"href":"https:\/\/4colores.com.mx\/entrada\/wp-json\/wp\/v2\/pages\/31","targetHints":{"allow":["GET"]}}],"collection":[{"href":"https:\/\/4colores.com.mx\/entrada\/wp-json\/wp\/v2\/pages"}],"about":[{"href":"https:\/\/4colores.com.mx\/entrada\/wp-json\/wp\/v2\/types\/page"}],"author":[{"embeddable":true,"href":"https:\/\/4colores.com.mx\/entrada\/wp-json\/wp\/v2\/users\/1"}],"replies":[{"embeddable":true,"href":"https:\/\/4colores.com.mx\/entrada\/wp-json\/wp\/v2\/comments?post=31"}],"version-history":[{"count":9,"href":"https:\/\/4colores.com.mx\/entrada\/wp-json\/wp\/v2\/pages\/31\/revisions"}],"predecessor-version":[{"id":109,"href":"https:\/\/4colores.com.mx\/entrada\/wp-json\/wp\/v2\/pages\/31\/revisions\/109"}],"up":[{"embeddable":true,"href":"https:\/\/4colores.com.mx\/entrada\/wp-json\/wp\/v2\/pages\/2"}],"wp:attachment":[{"href":"https:\/\/4colores.com.mx\/entrada\/wp-json\/wp\/v2\/media?parent=31"}],"curies":[{"name":"wp","href":"https:\/\/api.w.org\/{rel}","templated":true}]}}